be the first derivative of -j**4/4 - 10*j**3/3 + j**2/2 + 4*j + 200. What is o(-10)?
-6
Let j(h) = -4*h + 5. Suppose 8*o = -36 + 4. Calculate j(o).
21
Let p(u) = -u**3 + 4*u**2 - 4*u + 3. Let g be p(3). Let c(b) = -13 + 34 + b + g*b - 16. Let h = 14 + -20. Give c(h).
-1
Suppose u = 5*m + 5*u - 90, -m + 34 = 4*u. Suppose 0 = -4*s - 6 - m. Let j(w) = -w**2 - 5*w + 6. Calculate j(s).
6
Let w(m) = 15*m**3 - m**2 - 2*m - 1. Let q be 8/((-8)/(-4)) + -96. Let g = q - -91. Give w(g).
-15
Let n(u) = 6*u**2 + 8*u + 13. Let q(j) = 5*j**2 + 9*j + 13. Let r(a) = -6*n(a) + 7*q(a). Determine r(16).
-3
Let d = 438 + -431. Let s(k) = k**2 - 9*k + 10. What is s(d)?
-4
Let u(z) = z**3 - 13*z**2 + 16*z - 12. Let n be (12/(-3) - 20)/(4 - 6). Calculate u(n).
36
Suppose -5*u - 9*u - 70 = 0. Let t(n) = n**3 + 7*n**2 + n - 5. Give t(u).
40
Let u(s) = 1 + 24594*s - 8*s**2 - 4*s**2 - 24593*s. Calculate u(-1).
-12
Let z = 32 - 29. Let c be (18/4)/(z/4). Let p(w) = -w**2 + 6*w + 2. Calculate p(c).
2
Let c(o) be the first derivative of -o**5/20 + 5*o**4/12 + 5*o**3/6 + 5*o**2/2 - 16*o - 3. Let n(m) be the first derivative of c(m). Calculate n(6).
-1
Let w = -26 + 47. Let g = w - 18. Let a(f) = -2*f + 1. Determine a(g).
-5
Let r(d) = d**2 + 42*d + 216. Let f be r(-6). Let y(j) = j - 6. What is y(f)?
-6
Let d(b) = -4*b + 15. Let p(t) = -t**3 + 22*t**2 - 3*t + 76. Let g be p(22). Determine d(g).
-25
Let p(a) = a - 236 + 460 - 226. Calculate p(-3).
-5
Let f(g) = -g**3 + 4*g**2 + 4*g + 5. Let b = 167 + -144. Suppose 0 = 3*t - 35 - 49. Let i = t - b. Give f(i).
0
Suppose 3*u = 4*n, -3*n + 0*n - u = 0. Suppose -6*a + a + 30 = n. Let r(k) = 3 - 1 - a*k + 0 + 1. Give r(2).
-9
Let b(s) be the first derivative of -s**2 + 11. Suppose 0 = 2*h - 6*h - 4. Give b(h).
2
Let q(s) be the third derivative of s**5/60 - 7*s**4/12 - 35*s**3/6 + 14*s**2 + 4*s. What is q(16)?
-3
Let u(k) be the third derivative of -k**5/20 - k**4/24 - k**3/6 - 130*k**2 + k. What is u(-2)?
-11
Let s(i) = 3*i**3 + 2*i**2 - 1. Let j be 1*-2 + 10/((-80)/(-24)). Give s(j).
4
Let c(w) = 0*w**2 - w**2 + 2 - 1. Suppose 27*s - 28*s = -2. Let k be (s/4)/(6/(-24)). What is c(k)?
-3
Let t(d) = 7 + 70*d - 6 - 63*d. Give t(1).
8
Let v(c) = -2*c**3 + 3*c**2 - 8*c - 11. Let y(q) = 3*q**3 - 2*q**2 + 8*q + 11. Let i(h) = 4*v(h) + 3*y(h). Give i(-7).
-4
Suppose -2*l - 2*l + 4*g - 16 = 0, l + 2 = 3*g. Let v be -7 - -6*l/(-10). Let w(s) = -s - 8. Give w(v).
-4
Suppose -38 = 48*u + 10. Let n(h) = -15*h**3 - h**2 - h. Determine n(u).
15
Let l = -362 - -370. Let p(w) = w**3 - 9*w**2 + 7*w + 1. Determine p(l).
-7
Let g(a) be the first derivative of -7 + a - 5/2*a**2. Determine g(1).
-4
Let a(u) = -114 + u**2 - 2*u**2 + 228 - 120 - 6*u. Let h be (-6 - -1)*-1*1. Let k = 1 - h. Give a(k).
2
Let v(f) be the first derivative of f**3/2 - 2*f**2 - 15*f + 14. Let u(i) be the first derivative of v(i). What is u(4)?
8
Let k(i) = 5*i - 17. Let a be (-3)/(-18) + ((-808)/(-48) - 8). Give k(a).
28
Suppose 27 - 7 = -5*y. Let x(n) be the third derivative of n**7/2520 + n**6/240 + n**5/20 - 13*n**2. Let b(i) be the third derivative of x(i). Give b(y).
-5
Let a = -17 + 9. Let g(z) be the second derivative of -z**6/720 - 7*z**5/120 - 19*z**4/6 + 22*z. Let b(d) be the third derivative of g(d). What is b(a)?
1
Let w(g) = -2 + 1983*g + 2 - 3 - 1970*g. What is w(-3)?
-42
Let g(p) = 5*p**3 - 2*p + 1. Let n(x) = 14*x**3 + x**2 - 2*x + 2. Let h be n(1). Suppose 13*b + 2 = h*b. Determine g(b).
4
Let z(y) = -y**3 + 4*y**2 + 2*y - 2. Let q be 2/17 + (-453)/(-51). Suppose -5*p = -q*p + 52. Let m = 18 - p. What is z(m)?
-17
Let k be (-2)/8 + 27/12. Let v(o) = -3*o**3 + 2 + 6*o**2 - 2 + k*o**3 + 5. What is v(6)?
5
Let t(r) = 2*r**2 + 30*r - 77. Let a be t(-17). Let k(m) = -m**3 - 10*m**2 - 7*m - 8. Determine k(a).
-26
Let a(x) = 2*x - 5. Suppose 0 = -5*c + 3*n - 61, -2*c - 4*n - 31 = 9. Let v be (-4)/c + (-208)/(-56). Give a(v).
3
Suppose 115 = 5*g - 2*g - i, 3*g = 3*i + 105. Suppose -3*o + 12 = -0, 0 = 4*z + 5*o - g. Let h(n) be the first derivative of -n**2 + 5*n + 1. What is h(z)?
-5
Let m(g) = g**3 - 5*g**2 - g + 11. Let y be m(3). Let s(c) = c**2 + 14*c - 12. Calculate s(y).
-52
Let x(j) = -4*j**3 - j**2 + j. Let c be x(1). Let u(f) be the first derivative of f**3/3 + 2*f**2 - 3*f - 452. Give u(c).
-3
Let r be (48/64)/((-2)/8). Let o be 14/(r/((-9)/6)). Suppose -23 = -5*a + o. Let g(z) = -z**2 + 9*z - 6. Give g(a).
12
Suppose g = 2*g - 5. Suppose -5*k = -4*o - g + 28, 0 = 4*k - o + 14. Let t(j) be the first derivative of j**2/2 + 4*j + 50. Give t(k).
1
Let b(d) = d**3 - 7*d**2 + 7*d + 8. Suppose 4*q + 0 = 8. Suppose -2*c + q*f + 7 = f, 11 = c + f. What is b(c)?
14
Suppose 20*t - 46*t + 260 = 0. Let g(m) = -m + 2. Give g(t).
-8
Let v = 5 + -9. Let s be ((-2)/v)/(2/(-24)). Let q(p) = -5 + p**3 + 0 + 6 - 5*p + 5*p**2. What is q(s)?
-5
Let p(k) = -7*k - 3. Let i(v) = v + 1. Let w(b) = -4*i(b) - p(b). Suppose 4 = 4*c + a - 0*a, -4*a + 5 = 5*c. Calculate w(c).
2
Let u be 6/9*33/22. Let l(i) = 0*i - 6 + u + 0*i + 2*i. What is l(4)?
3
Let o(q) = 6*q - 1. Let k = 47 + -48. Let p(b) = 4*b - 1 - b - 2*b. Let c(z) = k*o(z) + 4*p(z). What is c(-3)?
3
Let r be 15/(-20)*(-96)/36. Let a(v) = -2*v**3 + 2*v - 2. Calculate a(r).
-14
Suppose 0 = 3*y - 0 + 6, 0 = 4*u + 4*y + 24. Suppose 0*f + 20 = -5*f. Let j(c) = 5*c + 5. Let x(v) = -6*v - 6. Let l(r) = f*j(r) - 3*x(r). What is l(u)?
6
Let n(a) = 3 - 18 - 3*a + 4 - 19. Calculate n(-12).
6
Let k(d) = d**3 + 2*d**2 - 4. Let v(c) = 3*c**2 + 132*c - 2. Let b be v(-44). Give k(b).
-4
Let p(y) = -3*y. Suppose 5*u + 5 = 0, -b = -5*u + 3 - 16. Let r = -4 + 8. Let o be ((-2)/4)/(r/b). Give p(o).
3
Let p(y) = y + 5. Let u be (-3)/(-2)*(-4)/(-6). Suppose -2*s - 5*k = 5, 5*s - 2*k - 1 = u. Give p(s).
5
Suppose -6*g + 8*g = 8. Suppose 5*a = 3*a + g. Let r(n) = 44*n**2 - 4*n**3 + n**3 - 45*n**a + 1. Calculate r(-1).
3
Let w(q) = 2*q - 7. Let x(d) = 4*d**2 + 4*d - 4. Let l be x(2). Let n = l - 15. Give w(n).
3
Let q(p) = -3*p**2 + 2. Let u(v) = -47*v - 3. Let s be u(1). Let w be (-6)/8 + s/40. Calculate q(w).
-10
Let x(h) be the third derivative of 0*h + 0*h**4 - h**2 + 0 + 1/6*h**3 - 1/60*h**5 - 1/24*h**6. Suppose t + 0 = -1. Give x(t).
5
Suppose 0 = -3*x, 3*l - x - 21 = 24. Let o(g) = g**3 - 14*g**2 - 14*g - 22. What is o(l)?
-7
Let h(c) = c**3 - 3*c**2 - c - 4. Let w(j) = j**3 - 5*j**2 + 3*j + 1. Let a be w(5). Let d = a - 1. Suppose -b - d = -6*b. Give h(b).
-7
Suppose -4*v + 49 = -4*t + 13, -2*v - t = -3. Let r(s) = -5*s + 3. Calculate r(v).
-17
Let k(g) = -1. Let o(f) = -2*f - 9. Suppose 2 = -4*y - 2*z, 7 = y - 3*y + z. Let w(j) = y*o(j) + 14*k(j). Determine w(-5).
-16
Let d(v) = -v**3 - 10*v**2 - 7*v - 11. Let i = -847 - -838. Determine d(i).
-29
Let j(b) = -b. Let c be j(2). Let w = c + 0. Let p(d) = -d. Let h(k) = -3*k + 4. Let n(q) = -h(q) + 4*p(q). Determine n(w).
-2
Let h(q) = q**2 + 16*q - 13. Suppose 33 = 147*n - 150*n. Determine h(n).
-68
Let j(b) be the first derivative of b**4/12 - 5*b**3/6 + b**2/2 + 19*b + 1. Let l(x) be the first derivative of j(x). Give l(4).
-3
Let x(y) = 2*y**2 + 3*y - y**2 - 3 - 9*y. Determine x(5).
-8
Let z(g) be the second derivative of -7*g**3/6 + g. Suppose 5*s + 10 = -4*i, 0 = -s - 4*i - 3 + 1. Let c be (1/s)/(1/(-2)). What is z(c)?
-7
Let g = -36 + 11. Let w = g - -28. Suppose 4*x + 12 = -2*i, -w*x + 2*i = -i + 9. Let f(b) = b**3 + b**2 - 4*b - 1. Determine f(x).
-7
Let h(z) = z - 1. Let p(o) = -6*o**2 - 43*o. Let w be p(-7). What is h(w)?
6
Let k(l) = -l**2 + 2*l**2 + 16*l - 17*l. Suppose -4*t + 5 = 4*o - 15, -t + o = 1. Suppose -t = -4*j + 6. What is k(j)?
2
Suppose -5*c + 3*a - 5*a - 10 = 0, 5*a = -5*c - 10. Let t(q) = -q**2 - 1. Let v(p) = 3*p + 2 + 6 - 6 - 2*p**2. Let x(z) = -t(z) + v(z). Give x(c).
-7
Let c(f) be the third derivative of -f**8/20160 + f**7/2520 + f**6/720 + f**5/5 + 11*f**2. Let n(z) be the third derivative of c(z). Determine n(2).
1
Let m(v) = v**2 - 5*v - 1. Let o be 32/20 + 3 + 52/(-20). Let d(j) = -21*j - 2 + 2*j**2 + j**2 - 2 + 2*j**2. Let w(u) = o*d(u) - 9*m(u). Give w(-3).
1
Let k(u) be the third derivative of u**6/120 + u**5/20 + u**4/24 + u**3/6 + 387*u**2. Let n = 4 - 6. Give k(n).
3
Let s(q) = -q**3 - 5*q**2 - 2*q + 6. Let v be (1 - 0)*(-6 + 0 + 1). What is s(v)?
16